{"id":32,"date":"2023-12-26T18:14:41","date_gmt":"2023-12-26T17:14:41","guid":{"rendered":"https:\/\/lumieresndclery.com\/?page_id=32"},"modified":"2024-01-20T16:08:33","modified_gmt":"2024-01-20T15:08:33","slug":"mentions-legales","status":"publish","type":"page","link":"https:\/\/lumieresndclery.com\/index.php\/mentions-legales\/","title":{"rendered":"Mentions l\u00e9gales"},"content":{"rendered":"\n<div class=\"wp-block-columns alignwide has-ti-bg-alt-background-color has-background is-layout-flex wp-container-core-columns-is-layout-efaf31a3 wp-block-columns-is-layout-flex\" style=\"border-radius:10px;padding-top:0;padding-right:0;padding-bottom:0;padding-left:var(--wp--preset--spacing--60)\">\n<div class=\"wp-block-column is-vertically-aligned-center has-global-padding is-layout-constrained wp-block-column-is-layout-constrained\">\n<h4 class=\"wp-block-heading has-ti-accent-color has-text-color has-link-color wp-elements-f8ccb98ddbf202aab63f114145379011\">\u00c9diteur<\/h4>\n\n\n\n<p><strong>Association<\/strong> Lumi\u00e8res sur Notre-Dame de Cl\u00e9ry<br>1, rue du Clo\u00eetre \u2013 45370 Cl\u00e9ry Saint Andr\u00e9<br>T\u00e9l : 06 29 27 96 13<br><strong>Directrice de la publication :<\/strong> Laurence Goudjo, pr\u00e9sidente<\/p>\n\n\n\n<h4 class=\"wp-block-heading has-ti-accent-color has-text-color has-link-color wp-elements-5bcf60f8a7f0a16afc7cfbfe9a024715\">\u00c9quipe graphique et technique<\/h4>\n\n\n\n<p><strong>Identit\u00e9 graphique de l&rsquo;association :<\/strong>\u00a0Nicolas Gaultier<br><strong>Administration :<\/strong>\u00a0Bastien Quatrehomme, \u00c9ric Tochon<br><strong>CMS :\u00a0<\/strong>WordPress Theme Jaxon by Themeisle<br><strong>H\u00e9bergement :<\/strong>\u00a0OVH<br><strong>Cr\u00e9dits photographiques :<\/strong>\u00a0Pascal Foulon<\/p>\n<\/div>\n\n\n\n<div class=\"wp-block-column is-vertically-aligned-center is-layout-flow wp-block-column-is-layout-flow\">\n<figure data-wp-context=\"{&quot;imageId&quot;:&quot;69e0c3964eea3&quot;}\" data-wp-interactive=\"core\/image\" data-wp-key=\"69e0c3964eea3\" class=\"wp-block-image alignright size-large is-resized has-custom-border wp-lightbox-container\"><img loading=\"lazy\" decoding=\"async\" width=\"683\" height=\"1024\" data-wp-class--hide=\"state.isContentHidden\" data-wp-class--show=\"state.isContentVisible\" data-wp-init=\"callbacks.setButtonStyles\" data-wp-on--click=\"actions.showLightbox\" data-wp-on--load=\"callbacks.setButtonStyles\" data-wp-on-window--resize=\"callbacks.setButtonStyles\" src=\"https:\/\/lumieresndclery.com\/wp-content\/uploads\/2023\/12\/lumiere-basilique-2023-003-683x1024.jpg\" alt=\"Concert Mozart 2023\" class=\"wp-image-185\" style=\"border-top-right-radius:10px;border-bottom-right-radius:10px;width:400px\" srcset=\"https:\/\/lumieresndclery.com\/wp-content\/uploads\/2023\/12\/lumiere-basilique-2023-003-683x1024.jpg 683w, https:\/\/lumieresndclery.com\/wp-content\/uploads\/2023\/12\/lumiere-basilique-2023-003-200x300.jpg 200w, https:\/\/lumieresndclery.com\/wp-content\/uploads\/2023\/12\/lumiere-basilique-2023-003-768x1152.jpg 768w, https:\/\/lumieresndclery.com\/wp-content\/uploads\/2023\/12\/lumiere-basilique-2023-003-1024x1536.jpg 1024w, https:\/\/lumieresndclery.com\/wp-content\/uploads\/2023\/12\/lumiere-basilique-2023-003-1365x2048.jpg 1365w, https:\/\/lumieresndclery.com\/wp-content\/uploads\/2023\/12\/lumiere-basilique-2023-003-scaled.jpg 1707w\" sizes=\"auto, (max-width: 683px) 100vw, 683px\" \/><button\n\t\t\tclass=\"lightbox-trigger\"\n\t\t\ttype=\"button\"\n\t\t\taria-haspopup=\"dialog\"\n\t\t\taria-label=\"Agrandir\"\n\t\t\tdata-wp-init=\"callbacks.initTriggerButton\"\n\t\t\tdata-wp-on--click=\"actions.showLightbox\"\n\t\t\tdata-wp-style--right=\"state.imageButtonRight\"\n\t\t\tdata-wp-style--top=\"state.imageButtonTop\"\n\t\t>\n\t\t\t<svg xmlns=\"http:\/\/www.w3.org\/2000\/svg\" width=\"12\" height=\"12\" fill=\"none\" viewBox=\"0 0 12 12\">\n\t\t\t\t<path fill=\"#fff\" d=\"M2 0a2 2 0 0 0-2 2v2h1.5V2a.5.5 0 0 1 .5-.5h2V0H2Zm2 10.5H2a.5.5 0 0 1-.5-.5V8H0v2a2 2 0 0 0 2 2h2v-1.5ZM8 12v-1.5h2a.5.5 0 0 0 .5-.5V8H12v2a2 2 0 0 1-2 2H8Zm2-12a2 2 0 0 1 2 2v2h-1.5V2a.5.5 0 0 0-.5-.5H8V0h2Z\" \/>\n\t\t\t<\/svg>\n\t\t<\/button><\/figure>\n<\/div>\n<\/div>\n\n\n\n<div class=\"wp-block-group alignwide has-global-padding is-layout-constrained wp-container-core-group-is-layout-6e478af2 wp-block-group-is-layout-constrained\" style=\"padding-right:var(--wp--preset--spacing--60);padding-left:var(--wp--preset--spacing--60)\">\n<h4 class=\"wp-block-heading has-ti-accent-color has-text-color has-link-color wp-elements-02d2c10d7ab922bbe5e280a03d6c4757\">Droits d\u2019auteur<\/h4>\n\n\n\n<p>Ce site est propri\u00e9t\u00e9 de l\u2019association Lumi\u00e8res sur Notre-Dame de Cl\u00e9ry \u2013 la r\u00e9servation des noms de domaine www.lumieresndclery.com a \u00e9t\u00e9 effectu\u00e9e conform\u00e9ment aux dispositions de l\u2019AFNIC.<br>L\u2019ensemble de ce site rel\u00e8ve de la l\u00e9gislation fran\u00e7aise et internationale sur le droit d\u2019auteur et la propri\u00e9t\u00e9 industrielle.<br>Tous les droits de reproduction sont r\u00e9serv\u00e9s, y compris les repr\u00e9sentations iconographiques et photographiques. La reproduction de tout ou partie de ce site sur un support quel qu\u2019il soit, est formellement interdite sauf autorisation expresse de Lumi\u00e8res sur Notre-Dame de Cl\u00e9ry.<br>La reproduction des textes sur un support papier est autoris\u00e9e sous r\u00e9serve du respect des trois conditions suivantes :<br>\u2013 gratuit\u00e9 de la diffusion ;<br>\u2013 respect de l\u2019int\u00e9grit\u00e9 des documents reproduits (pas de modification ni alt\u00e9ration) ;<br>\u2013 la citation claire et lisible de la source sous la forme suivante : \u00ab\u00a0Document issu du site internet www.lumieresndclery.com Lumi\u00e8res sur Notre-Dame de Cl\u00e9ry. Les droits de reproduction sont r\u00e9serv\u00e9s et strictement limit\u00e9s.<\/p>\n\n\n\n<h4 class=\"wp-block-heading has-ti-accent-color has-text-color has-link-color wp-elements-b731ea813609b94d1e7677c301c7db36\">Informations nominatives<\/h4>\n\n\n\n<p>Les informations que nous recueillons sont destin\u00e9es \u00e0 mieux vous conna\u00eetre, ne seront en aucun cas transmises \u00e0 des tiers. Conform\u00e9ment \u00e0 la loi \u00ab\u00a0Informatique et Libert\u00e9s\u00a0\u00bb, vous disposez d\u2019un droit d\u2019acc\u00e8s, de modification, de rectification et de suppression des donn\u00e9es qui vous concernent. Pour l\u2019exercer, il vous suffit d\u2019envoyer un e-mail \u00e0<br>contact @ lumieresndclery.com.<\/p>\n\n\n\n<h4 class=\"wp-block-heading has-ti-accent-color has-text-color has-link-color wp-elements-493ef3cc56bdfc3d88e1841ee64d8e1c\">Liens et renvois<\/h4>\n\n\n\n<p>Ce site internet contient des liens hypertextes vers d\u2019autres sites ainsi que des renvois \u00e0 d\u2019autres sources d\u2019information. Ces liens et sources d\u2019information sont mis \u00e0 votre disposition \u00e0 titre indicatif uniquement. L\u2019association Lumi\u00e8res sur Notre-Dame de Cl\u00e9ry d\u00e9cline toute responsabilit\u00e9 pour les dommages pouvant r\u00e9sulter de la consultation des informations pr\u00e9sentes sur les autres sites ou dans d\u2019autres sources d\u2019information en g\u00e9n\u00e9ral, et auxquelles renvoie ce site.<\/p>\n\n\n\n<h4 class=\"wp-block-heading has-ti-accent-color has-text-color has-link-color wp-elements-be98c40814cfa184f852c58003435934\">Cookies<\/h4>\n\n\n\n<p>Les cookies sont des petits fichiers textes stock\u00e9s par votre navigateur lors de la visite d\u2019un site internet. Ces cookies sont des informations personnelles (m\u00e9moire des informations que vous avez pu transmettre au site internet de Lumi\u00e8res sur Notre-Dame de Cl\u00e9ry). Ces cookies permettent d\u2019am\u00e9liorer votre navigation sur le site internet. Si vous ne souhaitez pas que votre navigateur stocke ces cookies il vous suffit de \u00ab bloquer les cookies \u00bb en param\u00e9trant votre navigateur.<\/p>\n\n\n\n<p>Lumi\u00e8res sur Notre-Dame de Cl\u00e9ry ne r\u00e9cup\u00e8re aucune information personnelle pendant votre navigation sur son site internet. Le syst\u00e8me de statistiques de visites du site internet de Lumi\u00e8res sur Notre-Dame de Cl\u00e9ry ne r\u00e9cup\u00e8re aucune de ces informations personnelles qui restent dans votre navigateur, chez vous.<\/p>\n\n\n\n<h4 class=\"wp-block-heading has-ti-accent-color has-text-color has-link-color wp-elements-2564674f85492a956c84b131fdb9e7ac\">Conditions g\u00e9n\u00e9rales de vente<\/h4>\n\n\n\n<p>Les conditions g\u00e9n\u00e9rales de vente des billets du concert Lumi\u00e8res sur Notre-Dame de Cl\u00e9ry sont celles des partenaires r\u00e9f\u00e9renc\u00e9s.<br>Nous vous remercions de faire vos achats sur notre site partenaire, aupr\u00e8s de l&rsquo;association ou directement aupr\u00e8s\u00a0de l\u2019Office de tourisme des Terres du Val de Loire \u00e0 Cl\u00e9ry Saint Andr\u00e9 \u2013 T\u00e9l. 02 38 46 98 98.<\/p>\n\n\n\n<p><strong>Nous vous souhaitons une bonne navigation sur le site internet Lumi\u00e8res sur Notre Dame de Cl\u00e9ry.<\/strong><\/p>\n<\/div>\n","protected":false},"excerpt":{"rendered":"<p>\u00c9diteur Association Lumi\u00e8res sur Notre-Dame de Cl\u00e9ry1, rue du Clo\u00eetre \u2013 45370 Cl\u00e9ry Saint Andr\u00e9T\u00e9l : 06 29 27 96 13Directrice de la publication : Laurence Goudjo, pr\u00e9sidente \u00c9quipe graphique et technique Identit\u00e9 graphique de l&rsquo;association :\u00a0Nicolas GaultierAdministration :\u00a0Bastien Quatrehomme, \u00c9ric TochonCMS :\u00a0WordPress Theme Jaxon by ThemeisleH\u00e9bergement :\u00a0OVHCr\u00e9dits photographiques :\u00a0Pascal Foulon Droits d\u2019auteur Ce site [&hellip;]<\/p>\n","protected":false},"author":1,"featured_media":185,"parent":0,"menu_order":0,"comment_status":"closed","ping_status":"closed","template":"","meta":{"_monsterinsights_skip_tracking":false,"_monsterinsights_sitenote_active":false,"_monsterinsights_sitenote_note":"","_monsterinsights_sitenote_category":0,"_themeisle_gutenberg_block_has_review":false,"footnotes":""},"class_list":["post-32","page","type-page","status-publish","has-post-thumbnail","hentry"],"yoast_head":"<!-- This site is optimized with the Yoast SEO plugin v27.4 - https:\/\/yoast.com\/product\/yoast-seo-wordpress\/ -->\n<title>Mentions l\u00e9gales - Lumi\u00e8res sur Notre-Dame de Cl\u00e9ry<\/title>\n<meta name=\"robots\" content=\"index, follow, max-snippet:-1, max-image-preview:large, max-video-preview:-1\" \/>\n<link rel=\"canonical\" href=\"https:\/\/lumieresndclery.com\/index.php\/mentions-legales\/\" \/>\n<meta property=\"og:locale\" content=\"fr_FR\" \/>\n<meta property=\"og:type\" content=\"article\" \/>\n<meta property=\"og:title\" content=\"Mentions l\u00e9gales - Lumi\u00e8res sur Notre-Dame de Cl\u00e9ry\" \/>\n<meta property=\"og:description\" content=\"\u00c9diteur Association Lumi\u00e8res sur Notre-Dame de Cl\u00e9ry1, rue du Clo\u00eetre \u2013 45370 Cl\u00e9ry Saint Andr\u00e9T\u00e9l : 06 29 27 96 13Directrice de la publication : Laurence Goudjo, pr\u00e9sidente \u00c9quipe graphique et technique Identit\u00e9 graphique de l&rsquo;association :\u00a0Nicolas GaultierAdministration :\u00a0Bastien Quatrehomme, \u00c9ric TochonCMS :\u00a0WordPress Theme Jaxon by ThemeisleH\u00e9bergement :\u00a0OVHCr\u00e9dits photographiques :\u00a0Pascal Foulon Droits d\u2019auteur Ce site [&hellip;]\" \/>\n<meta property=\"og:url\" content=\"https:\/\/lumieresndclery.com\/index.php\/mentions-legales\/\" \/>\n<meta property=\"og:site_name\" content=\"Lumi\u00e8res sur Notre-Dame de Cl\u00e9ry\" \/>\n<meta property=\"article:publisher\" content=\"https:\/\/www.facebook.com\/profile.php?id=100083351983960\" \/>\n<meta property=\"article:modified_time\" content=\"2024-01-20T15:08:33+00:00\" \/>\n<meta property=\"og:image\" content=\"https:\/\/lumieresndclery.com\/wp-content\/uploads\/2023\/12\/lumiere-basilique-2023-003-scaled.jpg\" \/>\n\t<meta property=\"og:image:width\" content=\"1707\" \/>\n\t<meta property=\"og:image:height\" content=\"2560\" \/>\n\t<meta property=\"og:image:type\" content=\"image\/jpeg\" \/>\n<meta name=\"twitter:card\" content=\"summary_large_image\" \/>\n<meta name=\"twitter:label1\" content=\"Dur\u00e9e de lecture estim\u00e9e\" \/>\n\t<meta name=\"twitter:data1\" content=\"3 minutes\" \/>\n<script type=\"application\/ld+json\" class=\"yoast-schema-graph\">{\"@context\":\"https:\\\/\\\/schema.org\",\"@graph\":[{\"@type\":\"WebPage\",\"@id\":\"https:\\\/\\\/lumieresndclery.com\\\/index.php\\\/mentions-legales\\\/\",\"url\":\"https:\\\/\\\/lumieresndclery.com\\\/index.php\\\/mentions-legales\\\/\",\"name\":\"Mentions l\u00e9gales - Lumi\u00e8res sur Notre-Dame de Cl\u00e9ry\",\"isPartOf\":{\"@id\":\"https:\\\/\\\/lumieresndclery.com\\\/#website\"},\"primaryImageOfPage\":{\"@id\":\"https:\\\/\\\/lumieresndclery.com\\\/index.php\\\/mentions-legales\\\/#primaryimage\"},\"image\":{\"@id\":\"https:\\\/\\\/lumieresndclery.com\\\/index.php\\\/mentions-legales\\\/#primaryimage\"},\"thumbnailUrl\":\"https:\\\/\\\/lumieresndclery.com\\\/wp-content\\\/uploads\\\/2023\\\/12\\\/lumiere-basilique-2023-003-scaled.jpg\",\"datePublished\":\"2023-12-26T17:14:41+00:00\",\"dateModified\":\"2024-01-20T15:08:33+00:00\",\"breadcrumb\":{\"@id\":\"https:\\\/\\\/lumieresndclery.com\\\/index.php\\\/mentions-legales\\\/#breadcrumb\"},\"inLanguage\":\"fr-FR\",\"potentialAction\":[{\"@type\":\"ReadAction\",\"target\":[\"https:\\\/\\\/lumieresndclery.com\\\/index.php\\\/mentions-legales\\\/\"]}]},{\"@type\":\"ImageObject\",\"inLanguage\":\"fr-FR\",\"@id\":\"https:\\\/\\\/lumieresndclery.com\\\/index.php\\\/mentions-legales\\\/#primaryimage\",\"url\":\"https:\\\/\\\/lumieresndclery.com\\\/wp-content\\\/uploads\\\/2023\\\/12\\\/lumiere-basilique-2023-003-scaled.jpg\",\"contentUrl\":\"https:\\\/\\\/lumieresndclery.com\\\/wp-content\\\/uploads\\\/2023\\\/12\\\/lumiere-basilique-2023-003-scaled.jpg\",\"width\":1707,\"height\":2560,\"caption\":\"Concert Mozart 2023 \u00a9 Pascal Foulon\"},{\"@type\":\"BreadcrumbList\",\"@id\":\"https:\\\/\\\/lumieresndclery.com\\\/index.php\\\/mentions-legales\\\/#breadcrumb\",\"itemListElement\":[{\"@type\":\"ListItem\",\"position\":1,\"name\":\"Accueil\",\"item\":\"https:\\\/\\\/lumieresndclery.com\\\/\"},{\"@type\":\"ListItem\",\"position\":2,\"name\":\"Mentions l\u00e9gales\"}]},{\"@type\":\"WebSite\",\"@id\":\"https:\\\/\\\/lumieresndclery.com\\\/#website\",\"url\":\"https:\\\/\\\/lumieresndclery.com\\\/\",\"name\":\"Lumi\u00e8res sur Notre-Dame de Cl\u00e9ry\",\"description\":\"LSNDC\",\"publisher\":{\"@id\":\"https:\\\/\\\/lumieresndclery.com\\\/#organization\"},\"potentialAction\":[{\"@type\":\"SearchAction\",\"target\":{\"@type\":\"EntryPoint\",\"urlTemplate\":\"https:\\\/\\\/lumieresndclery.com\\\/?s={search_term_string}\"},\"query-input\":{\"@type\":\"PropertyValueSpecification\",\"valueRequired\":true,\"valueName\":\"search_term_string\"}}],\"inLanguage\":\"fr-FR\"},{\"@type\":\"Organization\",\"@id\":\"https:\\\/\\\/lumieresndclery.com\\\/#organization\",\"name\":\"Lumi\u00e8res sur Notre Dame de Cl\u00e9ry\",\"url\":\"https:\\\/\\\/lumieresndclery.com\\\/\",\"logo\":{\"@type\":\"ImageObject\",\"inLanguage\":\"fr-FR\",\"@id\":\"https:\\\/\\\/lumieresndclery.com\\\/#\\\/schema\\\/logo\\\/image\\\/\",\"url\":\"https:\\\/\\\/lumieresndclery.com\\\/wp-content\\\/uploads\\\/2023\\\/12\\\/cropped-logo_LSNDC.png\",\"contentUrl\":\"https:\\\/\\\/lumieresndclery.com\\\/wp-content\\\/uploads\\\/2023\\\/12\\\/cropped-logo_LSNDC.png\",\"width\":1579,\"height\":2457,\"caption\":\"Lumi\u00e8res sur Notre Dame de Cl\u00e9ry\"},\"image\":{\"@id\":\"https:\\\/\\\/lumieresndclery.com\\\/#\\\/schema\\\/logo\\\/image\\\/\"},\"sameAs\":[\"https:\\\/\\\/www.facebook.com\\\/profile.php?id=100083351983960\"]}]}<\/script>\n<!-- \/ Yoast SEO plugin. -->","yoast_head_json":{"title":"Mentions l\u00e9gales - Lumi\u00e8res sur Notre-Dame de Cl\u00e9ry","robots":{"index":"index","follow":"follow","max-snippet":"max-snippet:-1","max-image-preview":"max-image-preview:large","max-video-preview":"max-video-preview:-1"},"canonical":"https:\/\/lumieresndclery.com\/index.php\/mentions-legales\/","og_locale":"fr_FR","og_type":"article","og_title":"Mentions l\u00e9gales - Lumi\u00e8res sur Notre-Dame de Cl\u00e9ry","og_description":"\u00c9diteur Association Lumi\u00e8res sur Notre-Dame de Cl\u00e9ry1, rue du Clo\u00eetre \u2013 45370 Cl\u00e9ry Saint Andr\u00e9T\u00e9l : 06 29 27 96 13Directrice de la publication : Laurence Goudjo, pr\u00e9sidente \u00c9quipe graphique et technique Identit\u00e9 graphique de l&rsquo;association :\u00a0Nicolas GaultierAdministration :\u00a0Bastien Quatrehomme, \u00c9ric TochonCMS :\u00a0WordPress Theme Jaxon by ThemeisleH\u00e9bergement :\u00a0OVHCr\u00e9dits photographiques :\u00a0Pascal Foulon Droits d\u2019auteur Ce site [&hellip;]","og_url":"https:\/\/lumieresndclery.com\/index.php\/mentions-legales\/","og_site_name":"Lumi\u00e8res sur Notre-Dame de Cl\u00e9ry","article_publisher":"https:\/\/www.facebook.com\/profile.php?id=100083351983960","article_modified_time":"2024-01-20T15:08:33+00:00","og_image":[{"width":1707,"height":2560,"url":"https:\/\/lumieresndclery.com\/wp-content\/uploads\/2023\/12\/lumiere-basilique-2023-003-scaled.jpg","type":"image\/jpeg"}],"twitter_card":"summary_large_image","twitter_misc":{"Dur\u00e9e de lecture estim\u00e9e":"3 minutes"},"schema":{"@context":"https:\/\/schema.org","@graph":[{"@type":"WebPage","@id":"https:\/\/lumieresndclery.com\/index.php\/mentions-legales\/","url":"https:\/\/lumieresndclery.com\/index.php\/mentions-legales\/","name":"Mentions l\u00e9gales - Lumi\u00e8res sur Notre-Dame de Cl\u00e9ry","isPartOf":{"@id":"https:\/\/lumieresndclery.com\/#website"},"primaryImageOfPage":{"@id":"https:\/\/lumieresndclery.com\/index.php\/mentions-legales\/#primaryimage"},"image":{"@id":"https:\/\/lumieresndclery.com\/index.php\/mentions-legales\/#primaryimage"},"thumbnailUrl":"https:\/\/lumieresndclery.com\/wp-content\/uploads\/2023\/12\/lumiere-basilique-2023-003-scaled.jpg","datePublished":"2023-12-26T17:14:41+00:00","dateModified":"2024-01-20T15:08:33+00:00","breadcrumb":{"@id":"https:\/\/lumieresndclery.com\/index.php\/mentions-legales\/#breadcrumb"},"inLanguage":"fr-FR","potentialAction":[{"@type":"ReadAction","target":["https:\/\/lumieresndclery.com\/index.php\/mentions-legales\/"]}]},{"@type":"ImageObject","inLanguage":"fr-FR","@id":"https:\/\/lumieresndclery.com\/index.php\/mentions-legales\/#primaryimage","url":"https:\/\/lumieresndclery.com\/wp-content\/uploads\/2023\/12\/lumiere-basilique-2023-003-scaled.jpg","contentUrl":"https:\/\/lumieresndclery.com\/wp-content\/uploads\/2023\/12\/lumiere-basilique-2023-003-scaled.jpg","width":1707,"height":2560,"caption":"Concert Mozart 2023 \u00a9 Pascal Foulon"},{"@type":"BreadcrumbList","@id":"https:\/\/lumieresndclery.com\/index.php\/mentions-legales\/#breadcrumb","itemListElement":[{"@type":"ListItem","position":1,"name":"Accueil","item":"https:\/\/lumieresndclery.com\/"},{"@type":"ListItem","position":2,"name":"Mentions l\u00e9gales"}]},{"@type":"WebSite","@id":"https:\/\/lumieresndclery.com\/#website","url":"https:\/\/lumieresndclery.com\/","name":"Lumi\u00e8res sur Notre-Dame de Cl\u00e9ry","description":"LSNDC","publisher":{"@id":"https:\/\/lumieresndclery.com\/#organization"},"potentialAction":[{"@type":"SearchAction","target":{"@type":"EntryPoint","urlTemplate":"https:\/\/lumieresndclery.com\/?s={search_term_string}"},"query-input":{"@type":"PropertyValueSpecification","valueRequired":true,"valueName":"search_term_string"}}],"inLanguage":"fr-FR"},{"@type":"Organization","@id":"https:\/\/lumieresndclery.com\/#organization","name":"Lumi\u00e8res sur Notre Dame de Cl\u00e9ry","url":"https:\/\/lumieresndclery.com\/","logo":{"@type":"ImageObject","inLanguage":"fr-FR","@id":"https:\/\/lumieresndclery.com\/#\/schema\/logo\/image\/","url":"https:\/\/lumieresndclery.com\/wp-content\/uploads\/2023\/12\/cropped-logo_LSNDC.png","contentUrl":"https:\/\/lumieresndclery.com\/wp-content\/uploads\/2023\/12\/cropped-logo_LSNDC.png","width":1579,"height":2457,"caption":"Lumi\u00e8res sur Notre Dame de Cl\u00e9ry"},"image":{"@id":"https:\/\/lumieresndclery.com\/#\/schema\/logo\/image\/"},"sameAs":["https:\/\/www.facebook.com\/profile.php?id=100083351983960"]}]}},"_links":{"self":[{"href":"https:\/\/lumieresndclery.com\/index.php\/wp-json\/wp\/v2\/pages\/32","targetHints":{"allow":["GET"]}}],"collection":[{"href":"https:\/\/lumieresndclery.com\/index.php\/wp-json\/wp\/v2\/pages"}],"about":[{"href":"https:\/\/lumieresndclery.com\/index.php\/wp-json\/wp\/v2\/types\/page"}],"author":[{"embeddable":true,"href":"https:\/\/lumieresndclery.com\/index.php\/wp-json\/wp\/v2\/users\/1"}],"replies":[{"embeddable":true,"href":"https:\/\/lumieresndclery.com\/index.php\/wp-json\/wp\/v2\/comments?post=32"}],"version-history":[{"count":27,"href":"https:\/\/lumieresndclery.com\/index.php\/wp-json\/wp\/v2\/pages\/32\/revisions"}],"predecessor-version":[{"id":411,"href":"https:\/\/lumieresndclery.com\/index.php\/wp-json\/wp\/v2\/pages\/32\/revisions\/411"}],"wp:featuredmedia":[{"embeddable":true,"href":"https:\/\/lumieresndclery.com\/index.php\/wp-json\/wp\/v2\/media\/185"}],"wp:attachment":[{"href":"https:\/\/lumieresndclery.com\/index.php\/wp-json\/wp\/v2\/media?parent=32"}],"curies":[{"name":"wp","href":"https:\/\/api.w.org\/{rel}","templated":true}]}}